{"id":107,"date":"2025-02-22T21:03:24","date_gmt":"2025-02-22T21:03:24","guid":{"rendered":"http:\/\/utrainingclub.com\/?page_id=107"},"modified":"2025-05-12T15:54:52","modified_gmt":"2025-05-12T15:54:52","slug":"u-training","status":"publish","type":"page","link":"http:\/\/utrainingclub.com\/index.php\/u-training\/","title":{"rendered":"U TRAINING CLUB"},"content":{"rendered":"\t\t<div data-elementor-type=\"wp-page\" data-elementor-id=\"107\" class=\"elementor elementor-107\" data-elementor-post-type=\"page\">\n\t\t\t\t<div class=\"elementor-element elementor-element-47fc617 e-flex e-con-boxed e-con e-parent\" data-id=\"47fc617\" data-element_type=\"container\" data-e-type=\"container\" data-settings=\"{&quot;background_background&quot;:&quot;classic&quot;}\">\n\t\t\t\t\t<div class=\"e-con-inner\">\n\t\t\t\t<div class=\"elementor-element elementor-element-5631d52 elementor-widget elementor-widget-text-editor\" data-id=\"5631d52\" data-element_type=\"widget\" data-e-type=\"widget\" data-widget_type=\"text-editor.default\">\n\t\t\t\t<div class=\"elementor-widget-container\">\n\t\t\t\t\t\t\t\t\t<p>Erenk\u00f6y\u2019de yer alan personal coach st\u00fcdyomuzda, \u00fcyelerimizin bireysel hedeflerine ula\u015fmalar\u0131na rehberlik ederek, onlar\u0131 fiziksel ve zihinsel olarak daha g\u00fc\u00e7l\u00fc, dengeli ve \u00f6zg\u00fcvenli bir ya\u015fama ta\u015f\u0131may\u0131 hedefliyoruz. Ki\u015fiye \u00f6zel yakla\u015f\u0131m\u0131m\u0131z ve samimi ortam\u0131m\u0131zla, sadece bir spor merkezi de\u011fil, ayn\u0131 zamanda motivasyon ve ba\u015far\u0131 dolu bir yolculu\u011fun adresi olmay\u0131 taahh\u00fct ediyoruz. Her bireyin potansiyelini ortaya \u00e7\u0131kararak, sa\u011fl\u0131kl\u0131 ya\u015fam al\u0131\u015fkanl\u0131klar\u0131n\u0131 kal\u0131c\u0131 bir deneyime d\u00f6n\u00fc\u015ft\u00fcr\u00fcyoruz.<\/p>\t\t\t\t\t\t\t\t<\/div>\n\t\t\t\t<\/div>\n\t\t\t\t<div class=\"elementor-element elementor-element-67ad5b9 elementor-widget elementor-widget-button\" data-id=\"67ad5b9\" data-element_type=\"widget\" data-e-type=\"widget\" data-widget_type=\"button.default\">\n\t\t\t\t<div class=\"elementor-widget-container\">\n\t\t\t\t\t\t\t\t\t<div class=\"elementor-button-wrapper\">\n\t\t\t\t\t<a class=\"elementor-button elementor-button-link elementor-size-sm elementor-animation-grow\" href=\"http:\/\/utrainingclub.com\/index.php\/dersler\/\">\n\t\t\t\t\t\t<span class=\"elementor-button-content-wrapper\">\n\t\t\t\t\t\t\t\t\t<span class=\"elementor-button-text\">DERSLER<\/span>\n\t\t\t\t\t<\/span>\n\t\t\t\t\t<\/a>\n\t\t\t\t<\/div>\n\t\t\t\t\t\t\t\t<\/div>\n\t\t\t\t<\/div>\n\t\t\t\t\t<\/div>\n\t\t\t\t<\/div>\n\t\t<div class=\"elementor-element elementor-element-141b1c6 e-con-full e-flex e-con e-parent\" data-id=\"141b1c6\" data-element_type=\"container\" data-e-type=\"container\" data-settings=\"{&quot;background_background&quot;:&quot;classic&quot;}\">\n\t\t<div class=\"elementor-element elementor-element-a78329e e-con-full e-flex e-con e-child\" data-id=\"a78329e\" data-element_type=\"container\" data-e-type=\"container\">\n\t\t\t\t<div class=\"elementor-element elementor-element-55e6fd3 elementor-widget elementor-widget-heading\" data-id=\"55e6fd3\" data-element_type=\"widget\" data-e-type=\"widget\" data-widget_type=\"heading.default\">\n\t\t\t\t<div class=\"elementor-widget-container\">\n\t\t\t\t\t<h3 class=\"elementor-heading-title elementor-size-default\">S\u0131n\u0131rlar\u0131n\u0131 A\u015f, Hayat\u0131n\u0131 De\u011fi\u015ftir!<\/h3>\t\t\t\t<\/div>\n\t\t\t\t<\/div>\n\t\t\t\t<div class=\"elementor-element elementor-element-8e34259 elementor-widget elementor-widget-text-editor\" data-id=\"8e34259\" data-element_type=\"widget\" data-e-type=\"widget\" data-widget_type=\"text-editor.default\">\n\t\t\t\t<div class=\"elementor-widget-container\">\n\t\t\t\t\t\t\t\t\t<p>Modern ekipmanlar ve deneyimli e\u011fitmenler e\u015fli\u011finde, sporun b\u00fcy\u00fcl\u00fc d\u00fcnyas\u0131nda kendinizi yeniden ke\u015ffedin. Her antrenmanda, daha sa\u011fl\u0131kl\u0131 ve enerjik bir ya\u015fam\u0131n kap\u0131s\u0131n\u0131 aral\u0131yoruz.<\/p>\t\t\t\t\t\t\t\t<\/div>\n\t\t\t\t<\/div>\n\t\t\t\t<\/div>\n\t\t<div class=\"elementor-element elementor-element-526b908 e-con-full e-flex e-con e-child\" data-id=\"526b908\" data-element_type=\"container\" data-e-type=\"container\" data-settings=\"{&quot;background_background&quot;:&quot;classic&quot;}\">\n\t\t\t\t<\/div>\n\t\t\t\t<\/div>\n\t\t<div class=\"elementor-element elementor-element-e5d0615 e-con-full e-flex e-con e-parent\" data-id=\"e5d0615\" data-element_type=\"container\" data-e-type=\"container\" data-settings=\"{&quot;background_background&quot;:&quot;classic&quot;}\">\n\t\t<div class=\"elementor-element elementor-element-13530e0 e-con-full e-flex e-con e-child\" data-id=\"13530e0\" data-element_type=\"container\" data-e-type=\"container\" data-settings=\"{&quot;background_background&quot;:&quot;classic&quot;}\">\n\t\t\t\t<\/div>\n\t\t<div class=\"elementor-element elementor-element-00f0fd3 e-con-full e-flex e-con e-child\" data-id=\"00f0fd3\" data-element_type=\"container\" data-e-type=\"container\">\n\t\t\t\t<div class=\"elementor-element elementor-element-d327e65 elementor-widget elementor-widget-heading\" data-id=\"d327e65\" data-element_type=\"widget\" data-e-type=\"widget\" data-widget_type=\"heading.default\">\n\t\t\t\t<div class=\"elementor-widget-container\">\n\t\t\t\t\t<h2 class=\"elementor-heading-title elementor-size-default\">G\u00fcc\u00fcn\u00fc Ke\u015ffet, Zirveye Ko\u015f!<\/h2>\t\t\t\t<\/div>\n\t\t\t\t<\/div>\n\t\t\t\t<div class=\"elementor-element elementor-element-2cfee80 elementor-widget elementor-widget-text-editor\" data-id=\"2cfee80\" data-element_type=\"widget\" data-e-type=\"widget\" data-widget_type=\"text-editor.default\">\n\t\t\t\t<div class=\"elementor-widget-container\">\n\t\t\t\t\t\t\t\t\t<p>\u00d6zg\u00fcn antrenman planlar\u0131m\u0131z ve profesyonel deste\u011fimizle, hedeflerinize bir ad\u0131m daha yakla\u015f\u0131n. Bug\u00fcn ataca\u011f\u0131n\u0131z ad\u0131m, yar\u0131n\u0131n zaferlerine d\u00f6n\u00fc\u015fs\u00fcn!<\/p>\t\t\t\t\t\t\t\t<\/div>\n\t\t\t\t<\/div>\n\t\t\t\t<\/div>\n\t\t\t\t<\/div>\n\t\t<div class=\"elementor-element elementor-element-4c172c5 e-con-full e-flex e-con e-parent\" data-id=\"4c172c5\" data-element_type=\"container\" data-e-type=\"container\" data-settings=\"{&quot;background_background&quot;:&quot;classic&quot;}\">\n\t\t<div class=\"elementor-element elementor-element-eb94dbf e-con-full e-flex e-con e-child\" data-id=\"eb94dbf\" data-element_type=\"container\" data-e-type=\"container\">\n\t\t\t\t<div class=\"elementor-element elementor-element-59b8962 elementor-widget elementor-widget-heading\" data-id=\"59b8962\" data-element_type=\"widget\" data-e-type=\"widget\" data-widget_type=\"heading.default\">\n\t\t\t\t<div class=\"elementor-widget-container\">\n\t\t\t\t\t<h2 class=\"elementor-heading-title elementor-size-default\">Enerjini Y\u00fcksek Tut, Ba\u015far\u0131ya Ula\u015f!<\/h2>\t\t\t\t<\/div>\n\t\t\t\t<\/div>\n\t\t\t\t<div class=\"elementor-element elementor-element-9b773ac elementor-widget elementor-widget-text-editor\" data-id=\"9b773ac\" data-element_type=\"widget\" data-e-type=\"widget\" data-widget_type=\"text-editor.default\">\n\t\t\t\t<div class=\"elementor-widget-container\">\n\t\t\t\t\t\t\t\t\t<p>Dinamik atmosferimizde, motive edici antrenmanlarla formda kalman\u0131n keyfini \u00e7\u0131kar\u0131n. Ki\u015fiye \u00f6zel programlar\u0131m\u0131zla her seviyeye uygun \u00e7\u00f6z\u00fcmler sunuyoruz.<\/p>\t\t\t\t\t\t\t\t<\/div>\n\t\t\t\t<\/div>\n\t\t\t\t<div class=\"elementor-element elementor-element-d141f17 elementor-widget elementor-widget-button\" data-id=\"d141f17\" data-element_type=\"widget\" data-e-type=\"widget\" data-widget_type=\"button.default\">\n\t\t\t\t<div class=\"elementor-widget-container\">\n\t\t\t\t\t\t\t\t\t<div class=\"elementor-button-wrapper\">\n\t\t\t\t\t<a class=\"elementor-button elementor-button-link elementor-size-sm elementor-animation-grow\" href=\"http:\/\/utrainingclub.com\/index.php\/iletisim\/\">\n\t\t\t\t\t\t<span class=\"elementor-button-content-wrapper\">\n\t\t\t\t\t\t\t\t\t<span class=\"elementor-button-text\">\u0130LET\u0130\u015e\u0130M<\/span>\n\t\t\t\t\t<\/span>\n\t\t\t\t\t<\/a>\n\t\t\t\t<\/div>\n\t\t\t\t\t\t\t\t<\/div>\n\t\t\t\t<\/div>\n\t\t\t\t<\/div>\n\t\t<div class=\"elementor-element elementor-element-83e9916 e-con-full e-flex e-con e-child\" data-id=\"83e9916\" data-element_type=\"container\" data-e-type=\"container\" data-settings=\"{&quot;background_background&quot;:&quot;classic&quot;}\">\n\t\t\t\t<\/div>\n\t\t\t\t<\/div>\n\t\t\t\t<\/div>\n\t\t","protected":false},"excerpt":{"rendered":"<p>Erenk\u00f6y\u2019de yer alan personal coach st\u00fcdyomuzda, \u00fcyelerimizin bireysel hedeflerine ula\u015fmalar\u0131na rehberlik ederek, onlar\u0131 fiziksel ve zihinsel olarak daha g\u00fc\u00e7l\u00fc, dengeli ve \u00f6zg\u00fcvenli bir ya\u015fama ta\u015f\u0131may\u0131 hedefliyoruz. Ki\u015fiye \u00f6zel yakla\u015f\u0131m\u0131m\u0131z ve samimi ortam\u0131m\u0131zla, sadece bir spor merkezi de\u011fil, ayn\u0131 zamanda motivasyon ve ba\u015far\u0131 dolu bir yolculu\u011fun adresi olmay\u0131 taahh\u00fct ediyoruz. Her bireyin potansiyelini ortaya \u00e7\u0131kararak, sa\u011fl\u0131kl\u0131 [&hellip;]<\/p>\n","protected":false},"author":1,"featured_media":0,"parent":0,"menu_order":0,"comment_status":"closed","ping_status":"closed","template":"elementor_header_footer","meta":{"footnotes":""},"class_list":["post-107","page","type-page","status-publish","hentry"],"_links":{"self":[{"href":"http:\/\/utrainingclub.com\/index.php\/wp-json\/wp\/v2\/pages\/107","targetHints":{"allow":["GET"]}}],"collection":[{"href":"http:\/\/utrainingclub.com\/index.php\/wp-json\/wp\/v2\/pages"}],"about":[{"href":"http:\/\/utrainingclub.com\/index.php\/wp-json\/wp\/v2\/types\/page"}],"author":[{"embeddable":true,"href":"http:\/\/utrainingclub.com\/index.php\/wp-json\/wp\/v2\/users\/1"}],"replies":[{"embeddable":true,"href":"http:\/\/utrainingclub.com\/index.php\/wp-json\/wp\/v2\/comments?post=107"}],"version-history":[{"count":180,"href":"http:\/\/utrainingclub.com\/index.php\/wp-json\/wp\/v2\/pages\/107\/revisions"}],"predecessor-version":[{"id":1633,"href":"http:\/\/utrainingclub.com\/index.php\/wp-json\/wp\/v2\/pages\/107\/revisions\/1633"}],"wp:attachment":[{"href":"http:\/\/utrainingclub.com\/index.php\/wp-json\/wp\/v2\/media?parent=107"}],"curies":[{"name":"wp","href":"https:\/\/api.w.org\/{rel}","templated":true}]}}